{"id":32346,"date":"2024-04-04T18:24:23","date_gmt":"2024-04-04T21:24:23","guid":{"rendered":"https:\/\/smartcherry.cl\/?post_type=tribe_events&#038;p=32346"},"modified":"2024-04-04T18:25:09","modified_gmt":"2024-04-04T21:25:09","slug":"preparacion-de-la-dormancia-y-manejos-invernales-de-cerezos","status":"publish","type":"tribe_events","link":"https:\/\/smartcherry.cl\/en\/evento\/preparacion-de-la-dormancia-y-manejos-invernales-de-cerezos\/","title":{"rendered":"Preparaci\u00f3n de la dormancia y manejos invernales de cerezos"},"content":{"rendered":"<p>No te pierdas esta interesante instancia, en la que participar\u00e1n V\u00edctor Vicencio, asesor t\u00e9cnico de cerezos; Arturo Aguirre, asesor t\u00e9cnico de cerezos, pom\u00e1ceas y gesti\u00f3n agr\u00edcola; Lucas Ferrada, asesor en nutrici\u00f3n vegetal y manejo de suelos.<\/p>\n<p>M\u00e1s informaci\u00f3n: terreno@agronexo.cl<\/p>","protected":false},"excerpt":{"rendered":"<p>No te pierdas esta interesante instancia, en la que participar\u00e1n V\u00edctor Vicencio, asesor t\u00e9cnico de cerezos; Arturo Aguirre, asesor t\u00e9cnico de cerezos, pom\u00e1ceas y gesti\u00f3n agr\u00edcola; Lucas Ferrada, asesor en [&hellip;]<\/p>\n","protected":false},"author":239,"featured_media":32348,"template":"","meta":{"_acf_changed":false,"inline_featured_image":false,"_tribe_events_status":"","_tribe_events_status_reason":"","footnotes":""},"tags":[162,1476],"tribe_events_cat":[1934],"class_list":["post-32346","tribe_events","type-tribe_events","status-publish","has-post-thumbnail","hentry","tag-dormancia","tag-evento","tribe_events_cat-dia-de-campo","cat_dia-de-campo"],"acf":[],"yoast_head":"<!-- This site is optimized with the Yoast SEO Premium plugin v21.3 (Yoast SEO v27.3) - https:\/\/yoast.com\/product\/yoast-seo-premium-wordpress\/ -->\n<title>Preparaci\u00f3n de la dormancia y manejos invernales de cerezos - Smartcherry<\/title>\n<meta name=\"description\" content=\"Preparaci\u00f3n de la dormancia y manejos invernales de cerezos\" \/>\n<meta name=\"robots\" content=\"index, follow, max-snippet:-1, max-image-preview:large, max-video-preview:-1\" \/>\n<link rel=\"canonical\" href=\"https:\/\/smartcherry.cl\/en\/evento\/preparacion-de-la-dormancia-y-manejos-invernales-de-cerezos\/\" \/>\n<meta property=\"og:locale\" content=\"en_US\" \/>\n<meta property=\"og:type\" content=\"article\" \/>\n<meta property=\"og:title\" content=\"Preparaci\u00f3n de la dormancia y manejos invernales de cerezos\" \/>\n<meta property=\"og:description\" content=\"Preparaci\u00f3n de la dormancia y manejos invernales de cerezos\" \/>\n<meta property=\"og:url\" content=\"https:\/\/smartcherry.cl\/en\/evento\/preparacion-de-la-dormancia-y-manejos-invernales-de-cerezos\/\" \/>\n<meta property=\"og:site_name\" content=\"Smartcherry\" \/>\n<meta property=\"article:publisher\" content=\"https:\/\/web.facebook.com\/SmartCherry.cl\/\" \/>\n<meta property=\"article:modified_time\" content=\"2024-04-04T21:25:09+00:00\" \/>\n<meta property=\"og:image\" content=\"https:\/\/smartcherry.cl\/wp-content\/uploads\/2024\/04\/DEF-2DO-DiaDCampo-Cerezos-1024x1024.png\" \/>\n\t<meta property=\"og:image:width\" content=\"1024\" \/>\n\t<meta property=\"og:image:height\" content=\"1024\" \/>\n\t<meta property=\"og:image:type\" content=\"image\/png\" \/>\n<meta name=\"twitter:card\" content=\"summary_large_image\" \/>\n<meta name=\"twitter:site\" content=\"@SmartCherry_cl\" \/>\n<meta name=\"twitter:label1\" content=\"Est. reading time\" \/>\n\t<meta name=\"twitter:data1\" content=\"1 minute\" \/>\n<script type=\"application\/ld+json\" class=\"yoast-schema-graph\">{\"@context\":\"https:\\\/\\\/schema.org\",\"@graph\":[{\"@type\":\"WebPage\",\"@id\":\"https:\\\/\\\/smartcherry.cl\\\/evento\\\/preparacion-de-la-dormancia-y-manejos-invernales-de-cerezos\\\/\",\"url\":\"https:\\\/\\\/smartcherry.cl\\\/evento\\\/preparacion-de-la-dormancia-y-manejos-invernales-de-cerezos\\\/\",\"name\":\"Preparaci\u00f3n de la dormancia y manejos invernales de cerezos - Smartcherry\",\"isPartOf\":{\"@id\":\"https:\\\/\\\/smartcherry.cl\\\/#website\"},\"primaryImageOfPage\":{\"@id\":\"https:\\\/\\\/smartcherry.cl\\\/evento\\\/preparacion-de-la-dormancia-y-manejos-invernales-de-cerezos\\\/#primaryimage\"},\"image\":{\"@id\":\"https:\\\/\\\/smartcherry.cl\\\/evento\\\/preparacion-de-la-dormancia-y-manejos-invernales-de-cerezos\\\/#primaryimage\"},\"thumbnailUrl\":\"https:\\\/\\\/smartcherry.cl\\\/wp-content\\\/uploads\\\/2024\\\/04\\\/DEF-2DO-DiaDCampo-Cerezos.png\",\"datePublished\":\"2024-04-04T21:24:23+00:00\",\"dateModified\":\"2024-04-04T21:25:09+00:00\",\"description\":\"Preparaci\u00f3n de la dormancia y manejos invernales de cerezos\",\"breadcrumb\":{\"@id\":\"https:\\\/\\\/smartcherry.cl\\\/evento\\\/preparacion-de-la-dormancia-y-manejos-invernales-de-cerezos\\\/#breadcrumb\"},\"inLanguage\":\"en-US\",\"potentialAction\":[{\"@type\":\"ReadAction\",\"target\":[\"https:\\\/\\\/smartcherry.cl\\\/evento\\\/preparacion-de-la-dormancia-y-manejos-invernales-de-cerezos\\\/\"]}]},{\"@type\":\"ImageObject\",\"inLanguage\":\"en-US\",\"@id\":\"https:\\\/\\\/smartcherry.cl\\\/evento\\\/preparacion-de-la-dormancia-y-manejos-invernales-de-cerezos\\\/#primaryimage\",\"url\":\"https:\\\/\\\/smartcherry.cl\\\/wp-content\\\/uploads\\\/2024\\\/04\\\/DEF-2DO-DiaDCampo-Cerezos.png\",\"contentUrl\":\"https:\\\/\\\/smartcherry.cl\\\/wp-content\\\/uploads\\\/2024\\\/04\\\/DEF-2DO-DiaDCampo-Cerezos.png\",\"width\":2000,\"height\":2000},{\"@type\":\"BreadcrumbList\",\"@id\":\"https:\\\/\\\/smartcherry.cl\\\/evento\\\/preparacion-de-la-dormancia-y-manejos-invernales-de-cerezos\\\/#breadcrumb\",\"itemListElement\":[{\"@type\":\"ListItem\",\"position\":1,\"name\":\"Home\",\"item\":\"https:\\\/\\\/smartcherry.cl\\\/\"},{\"@type\":\"ListItem\",\"position\":2,\"name\":\"Eventos\",\"item\":\"https:\\\/\\\/smartcherry.cl\\\/eventos\\\/\"},{\"@type\":\"ListItem\",\"position\":3,\"name\":\"D\u00eda de campo\",\"item\":\"https:\\\/\\\/smartcherry.cl\\\/eventos\\\/categoria\\\/dia-de-campo\\\/\"},{\"@type\":\"ListItem\",\"position\":4,\"name\":\"Preparaci\u00f3n de la dormancia y manejos invernales de cerezos\"}]},{\"@type\":\"WebSite\",\"@id\":\"https:\\\/\\\/smartcherry.cl\\\/#website\",\"url\":\"https:\\\/\\\/smartcherry.cl\\\/\",\"name\":\"Smartcherry\",\"description\":\"Sitio de Smartcherry\",\"publisher\":{\"@id\":\"https:\\\/\\\/smartcherry.cl\\\/#organization\"},\"potentialAction\":[{\"@type\":\"SearchAction\",\"target\":{\"@type\":\"EntryPoint\",\"urlTemplate\":\"https:\\\/\\\/smartcherry.cl\\\/?s={search_term_string}\"},\"query-input\":{\"@type\":\"PropertyValueSpecification\",\"valueRequired\":true,\"valueName\":\"search_term_string\"}}],\"inLanguage\":\"en-US\"},{\"@type\":\"Organization\",\"@id\":\"https:\\\/\\\/smartcherry.cl\\\/#organization\",\"name\":\"SmartCherry\",\"url\":\"https:\\\/\\\/smartcherry.cl\\\/\",\"logo\":{\"@type\":\"ImageObject\",\"inLanguage\":\"en-US\",\"@id\":\"https:\\\/\\\/smartcherry.cl\\\/#\\\/schema\\\/logo\\\/image\\\/\",\"url\":\"https:\\\/\\\/smartcherry.cl\\\/wp-content\\\/uploads\\\/2022\\\/02\\\/logo_smartcherry.png\",\"contentUrl\":\"https:\\\/\\\/smartcherry.cl\\\/wp-content\\\/uploads\\\/2022\\\/02\\\/logo_smartcherry.png\",\"width\":411,\"height\":84,\"caption\":\"SmartCherry\"},\"image\":{\"@id\":\"https:\\\/\\\/smartcherry.cl\\\/#\\\/schema\\\/logo\\\/image\\\/\"},\"sameAs\":[\"https:\\\/\\\/web.facebook.com\\\/SmartCherry.cl\\\/\",\"https:\\\/\\\/x.com\\\/SmartCherry_cl\",\"https:\\\/\\\/www.linkedin.com\\\/company\\\/smartcherry\\\/\",\"https:\\\/\\\/www.instagram.com\\\/smartcherry_cl\\\/\",\"https:\\\/\\\/www.youtube.com\\\/channel\\\/UCe007LfgFFnntDgCcqICbPQ\"]}]}<\/script>\n<!-- \/ Yoast SEO Premium plugin. -->","yoast_head_json":{"title":"Preparaci\u00f3n de la dormancia y manejos invernales de cerezos - Smartcherry","description":"Preparaci\u00f3n de la dormancia y manejos invernales de cerezos","robots":{"index":"index","follow":"follow","max-snippet":"max-snippet:-1","max-image-preview":"max-image-preview:large","max-video-preview":"max-video-preview:-1"},"canonical":"https:\/\/smartcherry.cl\/en\/evento\/preparacion-de-la-dormancia-y-manejos-invernales-de-cerezos\/","og_locale":"en_US","og_type":"article","og_title":"Preparaci\u00f3n de la dormancia y manejos invernales de cerezos","og_description":"Preparaci\u00f3n de la dormancia y manejos invernales de cerezos","og_url":"https:\/\/smartcherry.cl\/en\/evento\/preparacion-de-la-dormancia-y-manejos-invernales-de-cerezos\/","og_site_name":"Smartcherry","article_publisher":"https:\/\/web.facebook.com\/SmartCherry.cl\/","article_modified_time":"2024-04-04T21:25:09+00:00","og_image":[{"width":1024,"height":1024,"url":"https:\/\/smartcherry.cl\/wp-content\/uploads\/2024\/04\/DEF-2DO-DiaDCampo-Cerezos-1024x1024.png","type":"image\/png"}],"twitter_card":"summary_large_image","twitter_site":"@SmartCherry_cl","twitter_misc":{"Est. reading time":"1 minute"},"schema":{"@context":"https:\/\/schema.org","@graph":[{"@type":"WebPage","@id":"https:\/\/smartcherry.cl\/evento\/preparacion-de-la-dormancia-y-manejos-invernales-de-cerezos\/","url":"https:\/\/smartcherry.cl\/evento\/preparacion-de-la-dormancia-y-manejos-invernales-de-cerezos\/","name":"Preparaci\u00f3n de la dormancia y manejos invernales de cerezos - Smartcherry","isPartOf":{"@id":"https:\/\/smartcherry.cl\/#website"},"primaryImageOfPage":{"@id":"https:\/\/smartcherry.cl\/evento\/preparacion-de-la-dormancia-y-manejos-invernales-de-cerezos\/#primaryimage"},"image":{"@id":"https:\/\/smartcherry.cl\/evento\/preparacion-de-la-dormancia-y-manejos-invernales-de-cerezos\/#primaryimage"},"thumbnailUrl":"https:\/\/smartcherry.cl\/wp-content\/uploads\/2024\/04\/DEF-2DO-DiaDCampo-Cerezos.png","datePublished":"2024-04-04T21:24:23+00:00","dateModified":"2024-04-04T21:25:09+00:00","description":"Preparaci\u00f3n de la dormancia y manejos invernales de cerezos","breadcrumb":{"@id":"https:\/\/smartcherry.cl\/evento\/preparacion-de-la-dormancia-y-manejos-invernales-de-cerezos\/#breadcrumb"},"inLanguage":"en-US","potentialAction":[{"@type":"ReadAction","target":["https:\/\/smartcherry.cl\/evento\/preparacion-de-la-dormancia-y-manejos-invernales-de-cerezos\/"]}]},{"@type":"ImageObject","inLanguage":"en-US","@id":"https:\/\/smartcherry.cl\/evento\/preparacion-de-la-dormancia-y-manejos-invernales-de-cerezos\/#primaryimage","url":"https:\/\/smartcherry.cl\/wp-content\/uploads\/2024\/04\/DEF-2DO-DiaDCampo-Cerezos.png","contentUrl":"https:\/\/smartcherry.cl\/wp-content\/uploads\/2024\/04\/DEF-2DO-DiaDCampo-Cerezos.png","width":2000,"height":2000},{"@type":"BreadcrumbList","@id":"https:\/\/smartcherry.cl\/evento\/preparacion-de-la-dormancia-y-manejos-invernales-de-cerezos\/#breadcrumb","itemListElement":[{"@type":"ListItem","position":1,"name":"Home","item":"https:\/\/smartcherry.cl\/"},{"@type":"ListItem","position":2,"name":"Eventos","item":"https:\/\/smartcherry.cl\/eventos\/"},{"@type":"ListItem","position":3,"name":"D\u00eda de campo","item":"https:\/\/smartcherry.cl\/eventos\/categoria\/dia-de-campo\/"},{"@type":"ListItem","position":4,"name":"Preparaci\u00f3n de la dormancia y manejos invernales de cerezos"}]},{"@type":"WebSite","@id":"https:\/\/smartcherry.cl\/#website","url":"https:\/\/smartcherry.cl\/","name":"Smartcherry","description":"Smartcherry Site","publisher":{"@id":"https:\/\/smartcherry.cl\/#organization"},"potentialAction":[{"@type":"SearchAction","target":{"@type":"EntryPoint","urlTemplate":"https:\/\/smartcherry.cl\/?s={search_term_string}"},"query-input":{"@type":"PropertyValueSpecification","valueRequired":true,"valueName":"search_term_string"}}],"inLanguage":"en-US"},{"@type":"Organization","@id":"https:\/\/smartcherry.cl\/#organization","name":"SmartCherry","url":"https:\/\/smartcherry.cl\/","logo":{"@type":"ImageObject","inLanguage":"en-US","@id":"https:\/\/smartcherry.cl\/#\/schema\/logo\/image\/","url":"https:\/\/smartcherry.cl\/wp-content\/uploads\/2022\/02\/logo_smartcherry.png","contentUrl":"https:\/\/smartcherry.cl\/wp-content\/uploads\/2022\/02\/logo_smartcherry.png","width":411,"height":84,"caption":"SmartCherry"},"image":{"@id":"https:\/\/smartcherry.cl\/#\/schema\/logo\/image\/"},"sameAs":["https:\/\/web.facebook.com\/SmartCherry.cl\/","https:\/\/x.com\/SmartCherry_cl","https:\/\/www.linkedin.com\/company\/smartcherry\/","https:\/\/www.instagram.com\/smartcherry_cl\/","https:\/\/www.youtube.com\/channel\/UCe007LfgFFnntDgCcqICbPQ"]}]}},"_links":{"self":[{"href":"https:\/\/smartcherry.cl\/en\/wp-json\/wp\/v2\/tribe_events\/32346","targetHints":{"allow":["GET"]}}],"collection":[{"href":"https:\/\/smartcherry.cl\/en\/wp-json\/wp\/v2\/tribe_events"}],"about":[{"href":"https:\/\/smartcherry.cl\/en\/wp-json\/wp\/v2\/types\/tribe_events"}],"author":[{"embeddable":true,"href":"https:\/\/smartcherry.cl\/en\/wp-json\/wp\/v2\/users\/239"}],"version-history":[{"count":2,"href":"https:\/\/smartcherry.cl\/en\/wp-json\/wp\/v2\/tribe_events\/32346\/revisions"}],"predecessor-version":[{"id":32354,"href":"https:\/\/smartcherry.cl\/en\/wp-json\/wp\/v2\/tribe_events\/32346\/revisions\/32354"}],"wp:featuredmedia":[{"embeddable":true,"href":"https:\/\/smartcherry.cl\/en\/wp-json\/wp\/v2\/media\/32348"}],"wp:attachment":[{"href":"https:\/\/smartcherry.cl\/en\/wp-json\/wp\/v2\/media?parent=32346"}],"wp:term":[{"taxonomy":"post_tag","embeddable":true,"href":"https:\/\/smartcherry.cl\/en\/wp-json\/wp\/v2\/tags?post=32346"},{"taxonomy":"tribe_events_cat","embeddable":true,"href":"https:\/\/smartcherry.cl\/en\/wp-json\/wp\/v2\/tribe_events_cat?post=32346"}],"curies":[{"name":"wp","href":"https:\/\/api.w.org\/{rel}","templated":true}]}}

Preparación de la dormancia y manejos invernales de cerezos

<p>No te pierdas esta interesante instancia, en la que participarán Víctor Vicencio, asesor técnico de cerezos; Arturo Aguirre, asesor técnico de cerezos, pomáceas y gestión agrícola; Lucas Ferrada, asesor en nutrición vegetal y manejo de suelos.</p>
<p>Más información: terreno@agronexo.cl</p>

<p>No te pierdas esta interesante instancia, en la que participarán Víctor Vicencio, asesor técnico de cerezos; Arturo Aguirre, asesor técnico de cerezos, pomáceas y gestión agrícola; Lucas Ferrada, asesor en [&hellip;]</p>

<!-- This site is optimized with the Yoast SEO Premium plugin v21.3 (Yoast SEO v27.3) - https://yoast.com/product/yoast-seo-premium-wordpress/ -->
<title>Preparación de la dormancia y manejos invernales de cerezos - Smartcherry</title>
<meta name="description" content="Preparación de la dormancia y manejos invernales de cerezos" />
<meta name="robots" content="index, follow, max-snippet:-1, max-image-preview:large, max-video-preview:-1" />
<link rel="canonical" href="https://smartcherry.cl/en/evento/preparacion-de-la-dormancia-y-manejos-invernales-de-cerezos/" />
<meta property="og:locale" content="en_US" />
<meta property="og:type" content="article" />
<meta property="og:title" content="Preparación de la dormancia y manejos invernales de cerezos" />
<meta property="og:description" content="Preparación de la dormancia y manejos invernales de cerezos" />
<meta property="og:url" content="https://smartcherry.cl/en/evento/preparacion-de-la-dormancia-y-manejos-invernales-de-cerezos/" />
<meta property="og:site_name" content="Smartcherry" />
<meta property="article:publisher" content="https://web.facebook.com/SmartCherry.cl/" />
<meta property="article:modified_time" content="2024-04-04T21:25:09+00:00" />
<meta property="og:image" content="https://smartcherry.cl/wp-content/uploads/2024/04/DEF-2DO-DiaDCampo-Cerezos-1024x1024.png" />
	<meta property="og:image:width" content="1024" />
	<meta property="og:image:height" content="1024" />
	<meta property="og:image:type" content="image/png" />
<meta name="twitter:card" content="summary_large_image" />
<meta name="twitter:site" content="@SmartCherry_cl" />
<meta name="twitter:label1" content="Est. reading time" />
	<meta name="twitter:data1" content="1 minute" />
<script type="application/ld+json" class="yoast-schema-graph">{"@context":"https:\/\/schema.org","@graph":[{"@type":"WebPage","@id":"https:\/\/smartcherry.cl\/evento\/preparacion-de-la-dormancia-y-manejos-invernales-de-cerezos\/","url":"https:\/\/smartcherry.cl\/evento\/preparacion-de-la-dormancia-y-manejos-invernales-de-cerezos\/","name":"Preparación de la dormancia y manejos invernales de cerezos - Smartcherry","isPartOf":{"@id":"https:\/\/smartcherry.cl\/#website"},"primaryImageOfPage":{"@id":"https:\/\/smartcherry.cl\/evento\/preparacion-de-la-dormancia-y-manejos-invernales-de-cerezos\/#primaryimage"},"image":{"@id":"https:\/\/smartcherry.cl\/evento\/preparacion-de-la-dormancia-y-manejos-invernales-de-cerezos\/#primaryimage"},"thumbnailUrl":"https:\/\/smartcherry.cl\/wp-content\/uploads\/2024\/04\/DEF-2DO-DiaDCampo-Cerezos.png","datePublished":"2024-04-04T21:24:23+00:00","dateModified":"2024-04-04T21:25:09+00:00","description":"Preparación de la dormancia y manejos invernales de cerezos","breadcrumb":{"@id":"https:\/\/smartcherry.cl\/evento\/preparacion-de-la-dormancia-y-manejos-invernales-de-cerezos\/#breadcrumb"},"inLanguage":"en-US","potentialAction":[{"@type":"ReadAction","target":["https:\/\/smartcherry.cl\/evento\/preparacion-de-la-dormancia-y-manejos-invernales-de-cerezos\/"]}]},{"@type":"ImageObject","inLanguage":"en-US","@id":"https:\/\/smartcherry.cl\/evento\/preparacion-de-la-dormancia-y-manejos-invernales-de-cerezos\/#primaryimage","url":"https:\/\/smartcherry.cl\/wp-content\/uploads\/2024\/04\/DEF-2DO-DiaDCampo-Cerezos.png","contentUrl":"https:\/\/smartcherry.cl\/wp-content\/uploads\/2024\/04\/DEF-2DO-DiaDCampo-Cerezos.png","width":2000,"height":2000},{"@type":"BreadcrumbList","@id":"https:\/\/smartcherry.cl\/evento\/preparacion-de-la-dormancia-y-manejos-invernales-de-cerezos\/#breadcrumb","itemListElement":[{"@type":"ListItem","position":1,"name":"Home","item":"https:\/\/smartcherry.cl\/"},{"@type":"ListItem","position":2,"name":"Eventos","item":"https:\/\/smartcherry.cl\/eventos\/"},{"@type":"ListItem","position":3,"name":"Día de campo","item":"https:\/\/smartcherry.cl\/eventos\/categoria\/dia-de-campo\/"},{"@type":"ListItem","position":4,"name":"Preparación de la dormancia y manejos invernales de cerezos"}]},{"@type":"WebSite","@id":"https:\/\/smartcherry.cl\/#website","url":"https:\/\/smartcherry.cl\/","name":"Smartcherry","description":"Sitio de Smartcherry","publisher":{"@id":"https:\/\/smartcherry.cl\/#organization"},"potentialAction":[{"@type":"SearchAction","target":{"@type":"EntryPoint","urlTemplate":"https:\/\/smartcherry.cl\/?s={search_term_string}"},"query-input":{"@type":"PropertyValueSpecification","valueRequired":true,"valueName":"search_term_string"}}],"inLanguage":"en-US"},{"@type":"Organization","@id":"https:\/\/smartcherry.cl\/#organization","name":"SmartCherry","url":"https:\/\/smartcherry.cl\/","logo":{"@type":"ImageObject","inLanguage":"en-US","@id":"https:\/\/smartcherry.cl\/#\/schema\/logo\/image\/","url":"https:\/\/smartcherry.cl\/wp-content\/uploads\/2022\/02\/logo_smartcherry.png","contentUrl":"https:\/\/smartcherry.cl\/wp-content\/uploads\/2022\/02\/logo_smartcherry.png","width":411,"height":84,"caption":"SmartCherry"},"image":{"@id":"https:\/\/smartcherry.cl\/#\/schema\/logo\/image\/"},"sameAs":["https:\/\/web.facebook.com\/SmartCherry.cl\/","https:\/\/x.com\/SmartCherry_cl","https:\/\/www.linkedin.com\/company\/smartcherry\/","https:\/\/www.instagram.com\/smartcherry_cl\/","https:\/\/www.youtube.com\/channel\/UCe007LfgFFnntDgCcqICbPQ"]}]}</script>
<!-- / Yoast SEO Premium plugin. -->

Preparación de la dormancia y manejos invernales de cerezos - Smartcherry

Día de campo
